emainder when h(-6) is divided by 13.
12
Let g = 0 + -10. What is the remainder when 13 is divided by 14/5*g/(-4)?
6
Let o be -6*1/(-2)*1. Suppose -2*l + 7*l - 21 = -2*b, 0 = -2*b + o*l - 3. Suppose -2*k + 5*g = 7, 0*g + g = b. What is the remainder when 10 is divided by k?
2
Suppose -3 = 2*a - 7. Let z = -6 + 11. Calculate the remainder when z is divided by a.
1
Suppose 4 = b - 0. Let c = -3 + b. Calculate the remainder when 2 is divided by c.
0
Suppose -c = -2*c + 2, -3*y + 19 = 5*c. Suppose 3*r = -y*f + 115 - 40, 0 = -4*r + 4. What is the remainder when 47 is divided by f?
23
Suppose 0 = -t + 3*g - 11, 4*g - 10 - 2 = 2*t. Calculate the remainder when 11 is divided by t.
3
Let a(k) be the first derivative of -k**3/3 - 13*k**2/2 + 4*k + 1. Let i be 0 - 16 - (-32)/8. Calculate the remainder when a(i) is divided by 9.
7
Let w be ((-4)/(-10))/(1/230). Suppose -w - 4 = -4*d. Calculate the remainder when d is divided by 13.
11
Let d(t) = t**2 - 3*t - 5. Suppose -111 = -2*l - l. Calculate the remainder when l is divided by d(6).
11
Let r = 108 + -76. What is the remainder when 60 is divided by r?
28
Let k(v) = 3*v - 1. Suppose 3*m - 8*m - 5*u + 100 = 0, 24 = m - 3*u. Calculate the remainder when m is divided by k(3).
5
Let g = 7 - 3. Let y be 14/(-63) + (-4)/(-18). Suppose z - 3*z + 4 = y. Calculate the remainder when g is divided by z.
0
What is the remainder when (-8 + -4)/(9/(-24)) is divided by 5?
2
Suppose t - 7 = -3. Let c be 2 - t/(12/9). What is the remainder when 43 is divided by c - -3 - (-13)/1?
13
Suppose q + 12 + 17 = b, 3*q = 0. Let i(g) = g**3 - g + 10. Calculate the remainder when b is divided by i(0).
9
Suppose 4*f - 32 = -g, -2*g - 3*g - 5*f + 115 = 0. What is the remainder when (38 - 0)*(-2 + 3) is divided by g?
18
Suppose -28 = -2*d - 3*z, 4*d + z - 3*z - 40 = 0. Suppose 0 = t - 12 - d. Calculate the remainder when 91 is divided by t.
22
Let s(x) = x**3 - 9*x + 4. Calculate the remainder when 61 is divided by s(4).
29
Let d = -24 + 84. Calculate the remainder when d is divided by 31.
29
Let y be 0 + (2 - 28)/(-2). Suppose -y - 19 = -4*o. Calculate the remainder when 21 is divided by o.
5
Suppose 55 = 4*s + 3. Calculate the remainder when 16 is divided by s.
3
Let l = 0 + 0. Let d(b) = -b**3 - 8*b**2 - b + 4. Let k be d(-8). Suppose -o + 19 + k = l. What is the remainder when o is divided by 11?
9
Let x be (-8)/(-28) - (-206)/14. Let t = -22 + x. Let o = 6 - t. What is the remainder when 38 is divided by o?
12
Calculate the remainder when 2*(2/8 - (-388)/16) is divided by 25.
24
Let m(o) be the first derivative of o**4/4 - 10*o**3/3 + 3*o**2/2 - 13*o + 2. Let r be m(10). Calculate the remainder when r*(-3 + 2)*-1 is divided by 9.
8
Suppose -4*n + 5*n - 19 = v, v + 51 = 3*n. What is the remainder when 95 is divided by n?
15
Let p(g) = 10*g - 3. Let c(m) = -2*m**2 - 30. Let w(b) = b**2 + 15. Let l(o) = 2*c(o) + 5*w(o). What is the remainder when p(6) is divided by l(0)?
12
Let o(r) = 3*r**2 - r + 47. What is the remainder when o(0) is divided by 12?
11
Let b(f) = f**3 + 6*f**2 + 4*f - 3. Calculate the remainder when 5 is divided by b(-5).
1
Suppose k - 8 = -2. Calculate the remainder when 21 is divided by k.
3
Calculate the remainder when -3 + 6 - -26*1 is divided by 10.
9
Suppose -3*f = -3*h - 2*f + 8, 3*h - 4 = -f. Suppose -5 = -h*i + 1, 2*j - 3*i = -5. What is the remainder when (-12)/28 - (-31)/7 is divided by j?
0
Suppose -2*g + 26 = -h, h + 7 = g - 5. Let f = -23 - -48. What is the remainder when f is divided by g?
11
Let c be (0 - (-2 - -3)) + 9. Suppose -s = -2*n - 18, 3*s - c = -n + 32. Calculate the remainder when s is divided by 5.
4
Suppose -150 = 9*j - 12*j. Calculate the remainder when j is divided by 11.
6
Suppose 4*m = m - 39. Let u = -5 - m. Calculate the remainder when 23 is divided by u.
7
Let j(b) = 10*b**2 + 10*b + 8. What is the remainder when 12 is divided by j(-1)?
4
Let j(o) = -4*o**3 - 2*o**2 - o - 1. Let b(d) = -d**2 - 11*d + 9. Let q be (0 + -22)/(1 - -1). What is the remainder when j(-2) is divided by b(q)?
7
Let f(k) = k**2 + 5*k - 14. Suppose -i - i = -38. Calculate the remainder when i is divided by f(-8).
9
Let t be (2 - 49)/(3/(-9)). Let w = -83 + t. Suppose -4*l = -w - 18. Calculate the remainder when l is divided by 7.
5
Calculate the remainder when 381/18 - 3/18 is divided by 8.
5
Let l(k) = k**2 - k. Let q be l(2). Suppose 0 = 4*x - 2*o - 20, 0 = 2*o + q*o + 8. Calculate the remainder when x is divided by 2.
0
Suppose -5*f - 4*a + 5 + 0 = 0, 21 = -2*f + 3*a. Let j(t) = 2*t**2 + t - 5. What is the remainder when 29 is divided by j(f)?
9
Let d be 5*(-1 - (-1 + 1)). Let u = 14 + d. What is the remainder when 34 is divided by u?
7
Let v(x) = -32*x**2 - 1. Let a be v(1). Suppose 115 = -5*j - 5*k, -k + 2*k = -2. Let g = j - a. What is the remainder when 23 is divided by g?
11
Suppose -2*m + 2*d + 42 = -2*d, 0 = m + 3*d - 41. Calculate the remainder when m is divided by 15.
14
Let o(d) = -d**2 + 12*d + 4. Suppose 4*n - 9 = -1. Suppose -3*r + 16 = -n*r. Calculate the remainder when o(9) is divided by r.
15
Let g(v) = -v**2 - 18*v - 13. Calculate the remainder when 4 is divided by g(-17).
0
Suppose -4*z - 1 + 21 = 0. Let b be -1*2 + -11 + z. Calculate the remainder when 44 is divided by ((-30)/b)/((-3)/(-12)).
14
Suppose -4*i + 6*i = 40. What is the remainder when i is divided by 0 + 11 + (5 - 5)?
9
Calculate the remainder when 63 is divided by 33*(-6)/9*-1.
19
Suppose -8*m - 200 = -16*m. What is the remainder when 49 is divided by m?
24
Let r be 0/(1 + -1 + -2). Suppose r = -3*g + 6*g - 78. Calculate the remainder when g is divided by 7.
5
Let a be -12*(10/4)/(-5). Let t(b) = b**2 + 6*b + 10. Calculate the remainder when t(-7) is divided by 20/3 - 4/a.
5
Let y(v) = -v**2 - 14*v - 6. Let u(p) = 3*p + 2. Let d be u(-5). Calculate the remainder when y(d) is divided by 5.
2
Suppose -6*u + 26 = 2*i - u, 4*i + 3*u = 52. What is the remainder when 35 is divided by i?
9
Let m(n) = -10*n**3 - 4*n**2 + 4*n - 7*n + 0*n**2 - 2. Calculate the remainder when m(-2) is divided by 23.
22
Suppose 51 + 13 = 3*y + 4*j, 5*y - 102 = -2*j. Calculate the remainder when 56 is divided by y.
16
Let z(q) = 3*q**3 + 3*q - 3. Let o be 5/(15/6) + 1. Calculate the remainder when z(o) is divided by 22.
21
Let h = 13 + 2. What is the remainder when 28 is divided by h?
13
Suppose 2*d - 3*d + 2*i + 16 = 0, 0 = 5*d - 4*i - 50. Calculate the remainder when 19 is divided by d.
1
Let n(o) = o**3 - 7*o**2 + 6*o - 2. Let y be n(6). Let v be 1505/(-175) - 3/(-5). What is the remainder when (4/v)/(y/172) is divided by 15?
13
Suppose -745 = -46*v + 41*v. What is the remainder when v is divided by 38?
35
Calculate the remainder when (-11)/(3*(-3)/18) is divided by (-64)/(-8) + (0 - 2).
4
Let w = -20 + 37. Calculate the remainder when 66 is divided by w.
15
Suppose 7*m - 51 = 4*m. Let o(g) = g - 4. Let p be o(7). Suppose -2*s - p*i + 81 = 0, -124 = -3*s - 2*i - 3*i. What is the remainder when s is divided by m?
16
Let w(o) = 7*o - 27. What is the remainder when 99 is divided by w(11)?
49
Let m(i) = 3*i**2 - 4*i + 10. Let b(p) = p**2 - p + 3. Let c(y) = -11*b(y) + 4*m(y). Calculate the remainder when 25 is divided by c(6).
12
Suppose -90 = -l + 4*g, 0 = -3*l - 0*l - 5*g + 202. Calculate the remainder when l is divided by 25.
24
Calculate the remainder when 26/(0/(-4) - -2) is divided by 4.
1
Let l = 13 - 7. Let h be (-2)/(2 - 16/l). Suppose -w = -3*q - 12, w + w - h*q - 18 = 0. Calculate the remainder when 17 is divided by w.
5
Let o(l) = 3*l + 1. Let v(m) = -m**3 + 4*m**2 + m + 1. Calculate the remainder when v(3) is divided by o(2).
6
Calculate the remainder when 5*(44/10 + -4) is divided by (8/(-10))/(4/(-10)).
0
Suppose 2*z - 3 = -2*l + 3, -4*z + l + 37 = 0. What is the remainder when z is divided by 3?
2
What is the remainder when 38 is divided by (-56)/21*(19/(-4) + 1)?
8
Let g(m) be the third derivative of -m**6/120 + m**5/15 + m**4/3 - 5*m**3/6 - 2*m**2. Let l = -7 + 12. What is the remainder when 28 is divided by g(l)?
8
Let y(n) = n**3 + 6*n**2 - n - 6. Let m be y(-6). Suppose m = -5*p + p + 32. Calculate the remainder when (10/(-4))/(1/(-6)) is divided by p.
7
Let s(g) = -g**3 + 6*g**2 - 6*g + 2. Let u be (0 - -2) + (3 - 1). Suppose 